he highest common divisor of 2016 and 1266720?
672
Calculate the greatest common divisor of 3420 and 11218455.
855
Calculate the greatest common divisor of 6622137 and 621.
207
What is the greatest common factor of 525 and 11952075?
75
What is the greatest common divisor of 23 and 6843903?
23
Calculate the greatest common divisor of 11454568 and 456.
152
Calculate the highest common factor of 50610 and 422563134.
10122
What is the greatest common factor of 18 and 26930322?
18
What is the highest common factor of 1270620 and 48146?
362
Calculate the greatest common divisor of 13813136 and 222.
74
What is the highest common divisor of 18129219 and 27?
3
Calculate the greatest common factor of 2461359 and 33.
3
Calculate the highest common factor of 2917948 and 39644.
748
What is the highest common divisor of 100349 and 2093?
23
What is the greatest common divisor of 19 and 17931820?
19
What is the greatest common divisor of 13095 and 36315?
135
What is the greatest common factor of 14560 and 2769130?
910
What is the highest common divisor of 90 and 5545458?
18
Calculate the greatest common divisor of 739366 and 38.
38
What is the greatest common factor of 30740717 and 14?
7
Calculate the greatest common divisor of 1289 and 19104269.
1289
What is the highest common factor of 57 and 6228998?
19
What is the highest common divisor of 213574495 and 4990?
2495
Calculate the highest common factor of 798 and 660566046.
798
Calculate the highest common divisor of 2184 and 196557.
3
What is the greatest common factor of 10 and 19612525?
5
What is the highest common factor of 615 and 222279?
3
Calculate the greatest common divisor of 12576 and 209504.
32
What is the highest common factor of 162 and 639006?
6
Calculate the highest common divisor of 1081 and 158608.
23
What is the greatest common factor of 503724 and 221?
13
Calculate the greatest common divisor of 10094119 and 112.
7
Calculate the highest common factor of 17719143 and 2028.
507
What is the highest common divisor of 153 and 31015854?
153
What is the highest common factor of 9022991 and 43?
43
What is the greatest common factor of 344 and 39745588?
172
Calculate the highest common divisor of 3678 and 146434053.
1839
Calculate the greatest common factor of 9316648 and 616.
88
Calculate the highest common factor of 184 and 493385972.
92
What is the greatest common divisor of 3927 and 12133869?
561
What is the highest common divisor of 1024 and 560337152?
256
Calculate the highest common divisor of 17072 and 81523068.
4268
What is the highest common divisor of 9244944 and 138539?
3379
What is the greatest common factor of 65395 and 1426513?
451
What is the greatest common factor of 241440 and 354330?
30
What is the greatest common factor of 68441080 and 1960?
40
Calculate the greatest common divisor of 213943225 and 100.
25
Calculate the greatest common factor of 52 and 1747603.
13
What is the greatest common factor of 1598 and 953054?
34
What is the greatest common divisor of 33246 and 1521?
9
What is the highest common divisor of 41000 and 1874520?
1640
Calculate the greatest common factor of 56 and 2372300.
28
What is the greatest common factor of 407 and 67912427?
407
What is the highest common factor of 480 and 35919050?
10
What is the greatest common divisor of 11213604 and 1656?
828
What is the highest common divisor of 11069547 and 46113?
2427
What is the greatest common divisor of 14 and 1456609?
7
What is the highest common divisor of 13354 and 1055406?
22
Calculate the highest common divisor of 29580 and 8155410.
510
Calculate the highest common divisor of 197 and 75571170.
197
Calculate the highest common divisor of 5116930 and 15925.
455
What is the greatest common factor of 798665 and 7315?
665
Calculate the highest common divisor of 1115499 and 71379.
231
What is the greatest common factor of 52 and 725465?
13
Calculate the greatest common factor of 1536 and 228456.
24
Calculate the greatest common divisor of 7092 and 39636.
36
What is the greatest common divisor of 2106 and 48159?
9
What is the greatest common divisor of 61158 and 186?
6
What is the highest common factor of 526348 and 104980?
724
What is the greatest common factor of 40248 and 664872?
312
What is the highest common divisor of 97826 and 1846764?
2386
Calculate the greatest common factor of 86 and 894326728.
86
Calculate the greatest common divisor of 3916 and 22143556.
356
Calculate the greatest common divisor of 11808 and 1713882.
246
Calculate the highest common divisor of 278 and 693326.
2
Calculate the greatest common factor of 17816425 and 105575.
2575
What is the highest common divisor of 1037688 and 456?
24
Calculate the greatest common factor of 4220820 and 54990.
90
What is the highest common divisor of 5598664 and 89419?
739
Calculate the greatest common factor of 92 and 800579400.
92
What is the greatest common divisor of 290252 and 62336?
1948
What is the highest common divisor of 1470 and 2122820?
70
Calculate the greatest common factor of 11562 and 441119.
41
What is the highest common divisor of 6 and 218895735?
3
What is the greatest common divisor of 275233 and 57687?
287
What is the highest common divisor of 77 and 6618337?
11
What is the highest common factor of 16404 and 11028?
12
Calculate the greatest common factor of 8781945 and 2295.
255
What is the highest common factor of 7503273 and 12393?
1377
Calculate the highest common factor of 1 and 4595993.
1
What is the highest common factor of 64 and 619228?
4
What is the highest common divisor of 486 and 77403519?
243
Calculate the greatest common factor of 18051 and 7338005.
547
What is the greatest common factor of 691887 and 324723?
987
Calculate the highest common divisor of 1154 and 2734.
2
Calculate the highest common divisor of 90 and 3001338.
18
What is the highest common divisor of 10988 and 553008?
164
Calculate the greatest common factor of 1769 and 3502437.
61
Calculate the highest common divisor of 37606988 and 732.
244
What is the greatest common factor of 1269100 and 111?
37
Calculate the greatest common divisor of 930 and 8643240.
30
What is the greatest common divisor of 23277503 and 38451?
1831
Calculate the greatest common factor of 32167185 and 15.
15
What is the greatest common factor of 17 and 265250?
1
Calculate the greatest common factor of 265441366 and 170.
34
What is the highest common divisor of 21556 and 33217162?
634
What is the greatest common divisor of 4050999 and 46197?
1593
Calculate the greatest common divisor of 160 and 11034048.
32
Calculate the highest common factor of 3476 and 30430642.
1738
What is the greatest common divisor of 138 and 5431220?
46
What is the greatest common factor of 21384 and 382039416?
7128
Calculate the highest common factor of 10504997 and 401.
401
What is the highest common divisor of 6244425 and 17820?
1485
Calculate the greatest common divisor of 51050 and 78200.
50
What is the greatest common divisor of 1124 and 136184683?
281
Calculate the greatest common factor of 7970 and 2375890.
10
Calculate the greatest common factor of 27911 and 20055127.
2147
Calculate the greatest common divisor of 21743 and 14157251.
1279
Calculate the highest common factor of 539 and 5392009.
49
Calculate the highest common divisor of 124135548 and 2556.
852
Calculate the greatest common divisor of 167192 and 872.
8
Calculate the greatest common factor of 39208 and 61248.
232
Calculate the greatest common factor of 131504380 and 70.
70
What is the greatest common divisor of 4088 and 296072?
56
What is the highest common divisor of 198162 and 7474?
202
Calculate the highest common factor of 1812575 and 1600.
25
What is the greatest common factor of 13951016 and 6137?
323
Calculate the highest common divisor of 13060 and 150260524.
2612
Calculate the highest common divisor of 267 and 12609431.
89
Calculate the highest common divisor of 22886554 and 30.
2
Calculate the highest common factor of 591300 and 149580.
540
What is the highest common factor of 1304575 and 15?
5
Calculate the highest common factor of 65703384 and 1008.
72
What is the greatest common divisor of 2838 and 105969974?
946
What is the highest common divisor of 33299185 and 581?
83
Calculate the highest common factor of 380512262 